{"id":115,"date":"2013-05-10T08:45:47","date_gmt":"2013-05-10T05:45:47","guid":{"rendered":"http:\/\/www.vergihaber.net\/?page_id=21"},"modified":"2025-03-08T12:36:05","modified_gmt":"2025-03-08T09:36:05","slug":"hakkimizda","status":"publish","type":"page","link":"https:\/\/www.gmymm.com\/?page_id=115","title":{"rendered":"Hakk\u0131m\u0131zda"},"content":{"rendered":"<p>Muhasebe, Vergi ve Sosyal G\u00fcvenlik mevzuat\u0131yla ilgili uygulama ve dan\u0131\u015fmanl\u0131k konular\u0131nda, 2013 y\u0131l\u0131ndan bu yana sekt\u00f6rdeki deneyimi, bilgi ve tecr\u00fcbesiyle, kaliteli, do\u011fru ve g\u00fcvenilir bilgiyi m\u00fc\u015fteri ve adaylar\u0131na sunmay\u0131 ilke edinmi\u015ftir.<\/p>\n<p><em><strong>\u201cDaha Etkin Do\u011fru Bilgi, Daha Etkin Bir \u0130\u015f Hayat\u0131\u201d<\/strong><strong>\u00a0<\/strong><\/em><\/p>\n<p>Vergi ve sosyal g\u00fcvenlik mevzuat\u0131ndaki mevcut yasalar\u0131 ve de\u011fi\u015fiklikleri, en do\u011fru \u015fekilde uygulamak, \u00f6nemli geli\u015fmeleri en do\u011fru ve g\u00fcvenilir olarak bilginize sunmak, daha iyi bir i\u015f hayat\u0131 i\u00e7in \u00e7ok \u00f6nemlidir.<\/p>\n<p style=\"text-align: justify;\"><strong>Misyonumuz<\/strong><\/p>\n<p style=\"text-align: justify;\">Muhasebe ile ilgili uygulamalara y\u00f6n veren bilimsel ve teknolojik \u00e7al\u0131\u015fmalar yaparak, Mesleki hak ve hukukumuzu korumak \u00fczere bilgi payla\u015f\u0131m\u0131 ile s\u00fcrekli e\u011fitimler ve yay\u0131nlarla, kendimle birlikte meslek mensuplar\u0131n\u0131n bilgi birikimini, kariyerini geli\u015ftiren Mesleki birlikteli\u011fi \u00f6n plana \u00e7\u0131karan bir meslek mensubu olmak.<\/p>\n<p style=\"text-align: justify;\"><strong>Vizyonumuz<\/strong><\/p>\n<p style=\"text-align: justify;\">Ge\u00e7mi\u015fe sayg\u0131 duyan, gelece\u011fe umutla bakan.<\/p>\n<p style=\"text-align: justify;\">Gelece\u011fe y\u00f6nelik \u00e7al\u0131\u015fmalarla yenilik\u00e7i, \u015feffaf ve hesap verebilirli\u011fi savunan.<\/p>\n<p style=\"text-align: justify;\">Toplum ve \u00e7evreye kar\u015f\u0131 duyarl\u0131\u00a0meslek mensubu olarak meslek camias\u0131nda yer almakt\u0131r.<\/p>\n<h3 style=\"text-align: center;\"><\/h3>\n<h4 style=\"text-align: center; background: white; margin: 7.5pt 0cm 7.5pt 0cm;\" align=\"center\"><span style=\"color: #ff0000;\"><strong><i><span style=\"font-size: 13.5pt;\">GM YMM<\/span><\/i><\/strong><\/span><\/h4>\n<h3 style=\"text-align: center;\"><strong>&#8220;Hi\u00e7bir Sorun \u00c7\u00f6z\u00fcms\u00fcz De\u011fildir.&#8221;<\/strong><\/h3>\n","protected":false},"excerpt":{"rendered":"<p>Muhasebe, Vergi ve Sosyal G\u00fcvenlik mevzuat\u0131yla ilgili uygulama ve dan\u0131\u015fmanl\u0131k konular\u0131nda, 2013 y\u0131l\u0131ndan bu yana sekt\u00f6rdeki deneyimi, bilgi ve tecr\u00fcbesiyle, kaliteli, do\u011fru ve g\u00fcvenilir bilgiyi m\u00fc\u015fteri ve adaylar\u0131na sunmay\u0131 ilke edinmi\u015ftir. \u201cDaha Etkin Do\u011fru Bilgi, Daha Etkin Bir \u0130\u015f Hayat\u0131\u201d\u00a0 Vergi ve sosyal g\u00fcvenlik mevzuat\u0131ndaki mevcut yasalar\u0131 ve de\u011fi\u015fiklikleri, en do\u011fru \u015fekilde uygulamak, \u00f6nemli geli\u015fmeleri [&hellip;]<\/p>\n","protected":false},"author":1,"featured_media":0,"parent":0,"menu_order":0,"comment_status":"closed","ping_status":"closed","template":"","meta":{"footnotes":""},"class_list":["post-115","page","type-page","status-publish","hentry"],"_links":{"self":[{"href":"https:\/\/www.gmymm.com\/index.php?rest_route=\/wp\/v2\/pages\/115","targetHints":{"allow":["GET"]}}],"collection":[{"href":"https:\/\/www.gmymm.com\/index.php?rest_route=\/wp\/v2\/pages"}],"about":[{"href":"https:\/\/www.gmymm.com\/index.php?rest_route=\/wp\/v2\/types\/page"}],"author":[{"embeddable":true,"href":"https:\/\/www.gmymm.com\/index.php?rest_route=\/wp\/v2\/users\/1"}],"replies":[{"embeddable":true,"href":"https:\/\/www.gmymm.com\/index.php?rest_route=%2Fwp%2Fv2%2Fcomments&post=115"}],"version-history":[{"count":3,"href":"https:\/\/www.gmymm.com\/index.php?rest_route=\/wp\/v2\/pages\/115\/revisions"}],"predecessor-version":[{"id":4995,"href":"https:\/\/www.gmymm.com\/index.php?rest_route=\/wp\/v2\/pages\/115\/revisions\/4995"}],"wp:attachment":[{"href":"https:\/\/www.gmymm.com\/index.php?rest_route=%2Fwp%2Fv2%2Fmedia&parent=115"}],"curies":[{"name":"wp","href":"https:\/\/api.w.org\/{rel}","templated":true}]}}